{"id":950,"date":"2024-10-29T11:54:34","date_gmt":"2024-10-29T10:54:34","guid":{"rendered":"https:\/\/majestik-prod.com\/agence-39\/?page_id=950"},"modified":"2024-10-30T06:14:46","modified_gmt":"2024-10-30T05:14:46","slug":"media-buying-publicite-en-ligne","status":"publish","type":"page","link":"https:\/\/majestik-prod.com\/agence-39\/media-buying-publicite-en-ligne\/","title":{"rendered":"MEDIA BUYING (PUBLICIT\u00c9 EN LIGNE)"},"content":{"rendered":"\t\t<div data-elementor-type=\"wp-page\" data-elementor-id=\"950\" class=\"elementor elementor-950\" data-elementor-post-type=\"page\">\n\t\t\t\t<div class=\"elementor-element elementor-element-9313255 e-flex e-con-boxed e-con e-parent\" data-id=\"9313255\" data-element_type=\"container\">\n\t\t\t\t\t<div class=\"e-con-inner\">\n\t\t\t\t<div class=\"elementor-element elementor-element-394ab88 elementor-widget elementor-widget-heading\" data-id=\"394ab88\" data-element_type=\"widget\" data-widget_type=\"heading.default\">\n\t\t\t\t<div class=\"elementor-widget-container\">\n\t\t\t<h2 class=\"elementor-heading-title elementor-size-default\">MEDIA BUYING (PUBLICIT\u00c9 EN LIGNE)<\/h2>\t\t<\/div>\n\t\t\t\t<\/div>\n\t\t\t\t\t<\/div>\n\t\t\t\t<\/div>\n\t\t<div class=\"elementor-element elementor-element-9b5745a e-flex e-con-boxed e-con e-parent\" data-id=\"9b5745a\" data-element_type=\"container\">\n\t\t\t\t\t<div class=\"e-con-inner\">\n\t\t\t\t<div class=\"elementor-element elementor-element-510930c elementor-widget elementor-widget-image\" data-id=\"510930c\" data-element_type=\"widget\" data-widget_type=\"image.default\">\n\t\t\t\t<div class=\"elementor-widget-container\">\n\t\t\t\t\t\t\t\t\t\t\t\t\t<img fetchpriority=\"high\" decoding=\"async\" width=\"768\" height=\"768\" src=\"https:\/\/majestik-prod.com\/agence-39\/wp-content\/uploads\/2024\/10\/social-media-768x768.jpg\" class=\"attachment-medium_large size-medium_large wp-image-427\" alt=\"\" srcset=\"https:\/\/majestik-prod.com\/agence-39\/wp-content\/uploads\/2024\/10\/social-media-768x768.jpg 768w, https:\/\/majestik-prod.com\/agence-39\/wp-content\/uploads\/2024\/10\/social-media-300x300.jpg 300w, https:\/\/majestik-prod.com\/agence-39\/wp-content\/uploads\/2024\/10\/social-media-1024x1024.jpg 1024w, https:\/\/majestik-prod.com\/agence-39\/wp-content\/uploads\/2024\/10\/social-media-150x150.jpg 150w, https:\/\/majestik-prod.com\/agence-39\/wp-content\/uploads\/2024\/10\/social-media.jpg 1080w\" sizes=\"(max-width: 768px) 100vw, 768px\" \/>\t\t\t\t\t\t\t\t\t\t\t\t\t<\/div>\n\t\t\t\t<\/div>\n\t\t\t\t\t<\/div>\n\t\t\t\t<\/div>\n\t\t<div class=\"elementor-element elementor-element-0b492ec e-flex e-con-boxed e-con e-parent\" data-id=\"0b492ec\" data-element_type=\"container\">\n\t\t\t\t\t<div class=\"e-con-inner\">\n\t\t<div class=\"elementor-element elementor-element-9e05dcd e-con-full e-flex e-con e-child\" data-id=\"9e05dcd\" data-element_type=\"container\">\n\t\t\t\t<div class=\"elementor-element elementor-element-98f4e5d elementor-widget elementor-widget-heading\" data-id=\"98f4e5d\" data-element_type=\"widget\" data-settings=\"{&quot;sticky&quot;:&quot;top&quot;,&quot;sticky_offset&quot;:100,&quot;sticky_parent&quot;:&quot;yes&quot;,&quot;sticky_on&quot;:[&quot;desktop&quot;,&quot;tablet&quot;,&quot;mobile&quot;],&quot;sticky_effects_offset&quot;:0}\" data-widget_type=\"heading.default\">\n\t\t\t\t<div class=\"elementor-widget-container\">\n\t\t\t<h3 class=\"elementor-heading-title elementor-size-default\">Pourquoi Agence 39 ?<\/h3>\t\t<\/div>\n\t\t\t\t<\/div>\n\t\t\t\t<\/div>\n\t\t<div class=\"elementor-element elementor-element-ed7daaf e-con-full e-flex e-con e-child\" data-id=\"ed7daaf\" data-element_type=\"container\">\n\t\t\t\t<div class=\"elementor-element elementor-element-68b86b1 elementor-widget elementor-widget-heading\" data-id=\"68b86b1\" data-element_type=\"widget\" data-widget_type=\"heading.default\">\n\t\t\t\t<div class=\"elementor-widget-container\">\n\t\t\t<h3 class=\"elementor-heading-title elementor-size-default\">Les Avantages Majeurs De faire de la publicit\u00e9 en ligne Avec Nous !<\/h3>\t\t<\/div>\n\t\t\t\t<\/div>\n\t\t\t\t<div class=\"elementor-element elementor-element-edbc57c elementor-widget elementor-widget-text-editor\" data-id=\"edbc57c\" data-element_type=\"widget\" data-widget_type=\"text-editor.default\">\n\t\t\t\t<div class=\"elementor-widget-container\">\n\t\t\t\t\t\t\t<h3>I) Expertise et strat\u00e9gie cibl\u00e9e :<\/h3><p>Chez Agence 39, nous poss\u00e9dons une expertise approfondie en mati\u00e8re de media buying et de publicit\u00e9 en ligne sur des plateformes telles que Facebook Ads, TikTok Ads, Google Ads et le marketing d&rsquo;influence. En faisant appel \u00e0 nos services, vous b\u00e9n\u00e9ficiez de strat\u00e9gies publicitaires cibl\u00e9es et personnalis\u00e9es qui vous permettent d&rsquo;atteindre vos clients potentiels de mani\u00e8re efficace et rentable.<\/p><p>\u200d<\/p><h3>II) Analyse et optimisation des performances :<\/h3><p>Nous accordons une grande importance \u00e0 l&rsquo;analyse des performances et \u00e0 l&rsquo;optimisation continue de vos campagnes publicitaires. Notre \u00e9quipe utilise des outils avanc\u00e9s de suivi et d&rsquo;analyse pour mesurer les r\u00e9sultats et ajuster les strat\u00e9gies en cons\u00e9quence. Ainsi, vous \u00eates assur\u00e9s de tirer le meilleur parti de votre budget publicitaire et d&rsquo;am\u00e9liorer constamment le retour sur investissement.<\/p><p>\u200d<\/p><h3>III) Gestion compl\u00e8te des campagnes :<\/h3><p>En confiant la gestion de vos campagnes publicitaires \u00e0 Agence 39, vous b\u00e9n\u00e9ficiez d&rsquo;un service cl\u00e9 en main qui inclut la planification, la cr\u00e9ation, le ciblage, la diffusion et l&rsquo;optimisation de vos publicit\u00e9s en ligne. Vous pouvez ainsi vous concentrer sur le c\u0153ur de votre activit\u00e9 pendant que nous nous chargeons de promouvoir efficacement votre entreprise et d&rsquo;atteindre vos objectifs marketing.<\/p><p>\u200d<\/p><h3>IV) Connaissance approfondie des plateformes :<\/h3><p>Les plateformes publicitaires en ligne \u00e9voluent constamment, avec de nouvelles fonctionnalit\u00e9s et des r\u00e8gles changeantes. Notre \u00e9quipe chez Agence 39 est constamment \u00e0 jour sur les derni\u00e8res tendances et les meilleures pratiques pour chaque plateforme. En vous associant \u00e0 nous, vous pouvez \u00eatre s\u00fbr que vos campagnes publicitaires tirent parti des derni\u00e8res innovations et respectent les directives de chaque plateforme pour maximiser leur efficacit\u00e9.<\/p><h2>\u200d<\/h2>\t\t\t\t\t\t<\/div>\n\t\t\t\t<\/div>\n\t\t\t\t<\/div>\n\t\t\t\t\t<\/div>\n\t\t\t\t<\/div>\n\t\t<div class=\"elementor-element elementor-element-9bf7be1 e-flex e-con-boxed e-con e-parent\" data-id=\"9bf7be1\" data-element_type=\"container\">\n\t\t\t\t\t<div class=\"e-con-inner\">\n\t\t\t\t<div class=\"elementor-element elementor-element-06c3df1 elementor-widget elementor-widget-gallery\" data-id=\"06c3df1\" data-element_type=\"widget\" data-settings=\"{&quot;columns&quot;:2,&quot;gap&quot;:{&quot;unit&quot;:&quot;px&quot;,&quot;size&quot;:25,&quot;sizes&quot;:[]},&quot;aspect_ratio&quot;:&quot;1:1&quot;,&quot;lazyload&quot;:&quot;yes&quot;,&quot;gallery_layout&quot;:&quot;grid&quot;,&quot;columns_tablet&quot;:2,&quot;columns_mobile&quot;:1,&quot;gap_tablet&quot;:{&quot;unit&quot;:&quot;px&quot;,&quot;size&quot;:10,&quot;sizes&quot;:[]},&quot;gap_mobile&quot;:{&quot;unit&quot;:&quot;px&quot;,&quot;size&quot;:10,&quot;sizes&quot;:[]},&quot;link_to&quot;:&quot;file&quot;,&quot;overlay_background&quot;:&quot;yes&quot;,&quot;content_hover_animation&quot;:&quot;fade-in&quot;}\" data-widget_type=\"gallery.default\">\n\t\t\t\t<div class=\"elementor-widget-container\">\n\t\t\t\t\t<div class=\"elementor-gallery__container\">\n\t\t\t\t\t\t\t<a class=\"e-gallery-item elementor-gallery-item elementor-animated-content\" href=\"https:\/\/majestik-prod.com\/agence-39\/wp-content\/uploads\/2024\/10\/645a39da1d252f542c770c8e_Capture-decran-2023-05-09-a-14.16.34-p-800.png\" data-elementor-open-lightbox=\"yes\" data-elementor-lightbox-slideshow=\"06c3df1\" data-elementor-lightbox-title=\"645a39da1d252f542c770c8e_Capture d\u2019e\u0301cran 2023-05-09 a\u0300 14.16.34-p-800\" data-e-action-hash=\"#elementor-action%3Aaction%3Dlightbox%26settings%3DeyJpZCI6MTA0MywidXJsIjoiaHR0cHM6XC9cL21hamVzdGlrLXByb2QuY29tXC9hZ2VuY2UtMzlcL3dwLWNvbnRlbnRcL3VwbG9hZHNcLzIwMjRcLzEwXC82NDVhMzlkYTFkMjUyZjU0MmM3NzBjOGVfQ2FwdHVyZS1kZWNyYW4tMjAyMy0wNS0wOS1hLTE0LjE2LjM0LXAtODAwLnBuZyIsInNsaWRlc2hvdyI6IjA2YzNkZjEifQ%3D%3D\">\n\t\t\t\t\t<div class=\"e-gallery-image elementor-gallery-item__image\" data-thumbnail=\"https:\/\/majestik-prod.com\/agence-39\/wp-content\/uploads\/2024\/10\/645a39da1d252f542c770c8e_Capture-decran-2023-05-09-a-14.16.34-p-800-768x505.png\" data-width=\"768\" data-height=\"505\" aria-label=\"\" role=\"img\" ><\/div>\n\t\t\t\t\t\t\t\t\t\t\t<div class=\"elementor-gallery-item__overlay\"><\/div>\n\t\t\t\t\t\t\t\t\t\t\t\t\t\t<\/a>\n\t\t\t\t\t\t\t<a class=\"e-gallery-item elementor-gallery-item elementor-animated-content\" href=\"https:\/\/majestik-prod.com\/agence-39\/wp-content\/uploads\/2024\/10\/645a39ddb16ec571e08ab559_Capture-decran-2023-05-09-a-14.16.18-p-800.png\" data-elementor-open-lightbox=\"yes\" data-elementor-lightbox-slideshow=\"06c3df1\" data-elementor-lightbox-title=\"645a39ddb16ec571e08ab559_Capture d\u2019e\u0301cran 2023-05-09 a\u0300 14.16.18-p-800\" data-e-action-hash=\"#elementor-action%3Aaction%3Dlightbox%26settings%3DeyJpZCI6MTA0NCwidXJsIjoiaHR0cHM6XC9cL21hamVzdGlrLXByb2QuY29tXC9hZ2VuY2UtMzlcL3dwLWNvbnRlbnRcL3VwbG9hZHNcLzIwMjRcLzEwXC82NDVhMzlkZGIxNmVjNTcxZTA4YWI1NTlfQ2FwdHVyZS1kZWNyYW4tMjAyMy0wNS0wOS1hLTE0LjE2LjE4LXAtODAwLnBuZyIsInNsaWRlc2hvdyI6IjA2YzNkZjEifQ%3D%3D\">\n\t\t\t\t\t<div class=\"e-gallery-image elementor-gallery-item__image\" data-thumbnail=\"https:\/\/majestik-prod.com\/agence-39\/wp-content\/uploads\/2024\/10\/645a39ddb16ec571e08ab559_Capture-decran-2023-05-09-a-14.16.18-p-800-768x502.png\" data-width=\"768\" data-height=\"502\" aria-label=\"\" role=\"img\" ><\/div>\n\t\t\t\t\t\t\t\t\t\t\t<div class=\"elementor-gallery-item__overlay\"><\/div>\n\t\t\t\t\t\t\t\t\t\t\t\t\t\t<\/a>\n\t\t\t\t\t\t\t<a class=\"e-gallery-item elementor-gallery-item elementor-animated-content\" href=\"https:\/\/majestik-prod.com\/agence-39\/wp-content\/uploads\/2024\/10\/645a39e16fc475844fdccec2_Capture-decran-2023-05-09-a-14.15.02-p-800.png\" data-elementor-open-lightbox=\"yes\" data-elementor-lightbox-slideshow=\"06c3df1\" data-elementor-lightbox-title=\"645a39e16fc475844fdccec2_Capture d\u2019e\u0301cran 2023-05-09 a\u0300 14.15.02-p-800\" data-e-action-hash=\"#elementor-action%3Aaction%3Dlightbox%26settings%3DeyJpZCI6MTA0NSwidXJsIjoiaHR0cHM6XC9cL21hamVzdGlrLXByb2QuY29tXC9hZ2VuY2UtMzlcL3dwLWNvbnRlbnRcL3VwbG9hZHNcLzIwMjRcLzEwXC82NDVhMzllMTZmYzQ3NTg0NGZkY2NlYzJfQ2FwdHVyZS1kZWNyYW4tMjAyMy0wNS0wOS1hLTE0LjE1LjAyLXAtODAwLnBuZyIsInNsaWRlc2hvdyI6IjA2YzNkZjEifQ%3D%3D\">\n\t\t\t\t\t<div class=\"e-gallery-image elementor-gallery-item__image\" data-thumbnail=\"https:\/\/majestik-prod.com\/agence-39\/wp-content\/uploads\/2024\/10\/645a39e16fc475844fdccec2_Capture-decran-2023-05-09-a-14.15.02-p-800-768x512.png\" data-width=\"768\" data-height=\"512\" aria-label=\"\" role=\"img\" ><\/div>\n\t\t\t\t\t\t\t\t\t\t\t<div class=\"elementor-gallery-item__overlay\"><\/div>\n\t\t\t\t\t\t\t\t\t\t\t\t\t\t<\/a>\n\t\t\t\t\t\t\t<a class=\"e-gallery-item elementor-gallery-item elementor-animated-content\" href=\"https:\/\/majestik-prod.com\/agence-39\/wp-content\/uploads\/2024\/10\/645a39eee2193145f49027c1_Capture-decran-2023-05-09-a-14.14.38-p-800.png\" data-elementor-open-lightbox=\"yes\" data-elementor-lightbox-slideshow=\"06c3df1\" data-elementor-lightbox-title=\"645a39eee2193145f49027c1_Capture d\u2019e\u0301cran 2023-05-09 a\u0300 14.14.38-p-800\" data-e-action-hash=\"#elementor-action%3Aaction%3Dlightbox%26settings%3DeyJpZCI6MTA0NiwidXJsIjoiaHR0cHM6XC9cL21hamVzdGlrLXByb2QuY29tXC9hZ2VuY2UtMzlcL3dwLWNvbnRlbnRcL3VwbG9hZHNcLzIwMjRcLzEwXC82NDVhMzllZWUyMTkzMTQ1ZjQ5MDI3YzFfQ2FwdHVyZS1kZWNyYW4tMjAyMy0wNS0wOS1hLTE0LjE0LjM4LXAtODAwLnBuZyIsInNsaWRlc2hvdyI6IjA2YzNkZjEifQ%3D%3D\">\n\t\t\t\t\t<div class=\"e-gallery-image elementor-gallery-item__image\" data-thumbnail=\"https:\/\/majestik-prod.com\/agence-39\/wp-content\/uploads\/2024\/10\/645a39eee2193145f49027c1_Capture-decran-2023-05-09-a-14.14.38-p-800-768x508.png\" data-width=\"768\" data-height=\"508\" aria-label=\"\" role=\"img\" ><\/div>\n\t\t\t\t\t\t\t\t\t\t\t<div class=\"elementor-gallery-item__overlay\"><\/div>\n\t\t\t\t\t\t\t\t\t\t\t\t\t\t<\/a>\n\t\t\t\t\t<\/div>\n\t\t\t<\/div>\n\t\t\t\t<\/div>\n\t\t\t\t\t<\/div>\n\t\t\t\t<\/div>\n\t\t<div class=\"elementor-element elementor-element-9e06ac0 e-flex e-con-boxed e-con e-parent\" data-id=\"9e06ac0\" data-element_type=\"container\">\n\t\t\t\t\t<div class=\"e-con-inner\">\n\t\t\t\t<div class=\"elementor-element elementor-element-f7373e7 elementor-align-center elementor-widget elementor-widget-button\" data-id=\"f7373e7\" data-element_type=\"widget\" data-widget_type=\"button.default\">\n\t\t\t\t<div class=\"elementor-widget-container\">\n\t\t\t\t\t<div class=\"elementor-button-wrapper\">\n\t\t\t<a class=\"elementor-button elementor-button-link elementor-size-sm\" href=\"https:\/\/majestik-prod.com\/agence-39\/contact\/\">\n\t\t\t\t\t\t<span class=\"elementor-button-content-wrapper\">\n\t\t\t\t\t\t\t\t\t<span class=\"elementor-button-text\">Demander un Devis gratuit<\/span>\n\t\t\t\t\t<\/span>\n\t\t\t\t\t<\/a>\n\t\t<\/div>\n\t\t\t\t<\/div>\n\t\t\t\t<\/div>\n\t\t\t\t\t<\/div>\n\t\t\t\t<\/div>\n\t\t\t\t<\/div>\n\t\t","protected":false},"excerpt":{"rendered":"<p>MEDIA BUYING (PUBLICIT\u00c9 EN LIGNE) Pourquoi Agence 39 ? Les Avantages Majeurs De faire de la publicit\u00e9 en ligne Avec Nous ! I) Expertise et strat\u00e9gie cibl\u00e9e : Chez Agence 39, nous poss\u00e9dons une expertise approfondie en mati\u00e8re de media buying et de publicit\u00e9 en ligne sur des plateformes telles que Facebook Ads, TikTok Ads, [&hellip;]<\/p>\n","protected":false},"author":1,"featured_media":0,"parent":0,"menu_order":0,"comment_status":"closed","ping_status":"closed","template":"","meta":{"footnotes":""},"class_list":["post-950","page","type-page","status-publish","hentry"],"_links":{"self":[{"href":"https:\/\/majestik-prod.com\/agence-39\/wp-json\/wp\/v2\/pages\/950","targetHints":{"allow":["GET"]}}],"collection":[{"href":"https:\/\/majestik-prod.com\/agence-39\/wp-json\/wp\/v2\/pages"}],"about":[{"href":"https:\/\/majestik-prod.com\/agence-39\/wp-json\/wp\/v2\/types\/page"}],"author":[{"embeddable":true,"href":"https:\/\/majestik-prod.com\/agence-39\/wp-json\/wp\/v2\/users\/1"}],"replies":[{"embeddable":true,"href":"https:\/\/majestik-prod.com\/agence-39\/wp-json\/wp\/v2\/comments?post=950"}],"version-history":[{"count":31,"href":"https:\/\/majestik-prod.com\/agence-39\/wp-json\/wp\/v2\/pages\/950\/revisions"}],"predecessor-version":[{"id":1164,"href":"https:\/\/majestik-prod.com\/agence-39\/wp-json\/wp\/v2\/pages\/950\/revisions\/1164"}],"wp:attachment":[{"href":"https:\/\/majestik-prod.com\/agence-39\/wp-json\/wp\/v2\/media?parent=950"}],"curies":[{"name":"wp","href":"https:\/\/api.w.org\/{rel}","templated":true}]}}