{"id":978,"date":"2024-10-29T12:01:26","date_gmt":"2024-10-29T11:01:26","guid":{"rendered":"https:\/\/majestik-prod.com\/agence-39\/?page_id=978"},"modified":"2024-10-30T06:13:37","modified_gmt":"2024-10-30T05:13:37","slug":"creation-de-charte-graphique-logo-identite-visuselle","status":"publish","type":"page","link":"https:\/\/majestik-prod.com\/agence-39\/creation-de-charte-graphique-logo-identite-visuselle\/","title":{"rendered":"CR\u00c9ATION DE CHARTE GRAPHIQUE (LOGO &#038; IDENTIT\u00c9 VISUSELLE)"},"content":{"rendered":"\t\t<div data-elementor-type=\"wp-page\" data-elementor-id=\"978\" class=\"elementor elementor-978\" data-elementor-post-type=\"page\">\n\t\t\t\t<div class=\"elementor-element elementor-element-9313255 e-flex e-con-boxed e-con e-parent\" data-id=\"9313255\" data-element_type=\"container\">\n\t\t\t\t\t<div class=\"e-con-inner\">\n\t\t\t\t<div class=\"elementor-element elementor-element-394ab88 elementor-widget elementor-widget-heading\" data-id=\"394ab88\" data-element_type=\"widget\" data-widget_type=\"heading.default\">\n\t\t\t\t<div class=\"elementor-widget-container\">\n\t\t\t<h2 class=\"elementor-heading-title elementor-size-default\">CR\u00c9ATION DE CHARTE GRAPHIQUE (LOGO &amp; IDENTIT\u00c9 VISUSELLE)<\/h2>\t\t<\/div>\n\t\t\t\t<\/div>\n\t\t\t\t\t<\/div>\n\t\t\t\t<\/div>\n\t\t<div class=\"elementor-element elementor-element-9b5745a e-flex e-con-boxed e-con e-parent\" data-id=\"9b5745a\" data-element_type=\"container\">\n\t\t\t\t\t<div class=\"e-con-inner\">\n\t\t\t\t<div class=\"elementor-element elementor-element-510930c elementor-widget elementor-widget-image\" data-id=\"510930c\" data-element_type=\"widget\" data-widget_type=\"image.default\">\n\t\t\t\t<div class=\"elementor-widget-container\">\n\t\t\t\t\t\t\t\t\t\t\t\t\t<img fetchpriority=\"high\" decoding=\"async\" width=\"768\" height=\"768\" src=\"https:\/\/majestik-prod.com\/agence-39\/wp-content\/uploads\/2024\/10\/graphisme-768x768.jpg\" class=\"attachment-medium_large size-medium_large wp-image-524\" alt=\"\" srcset=\"https:\/\/majestik-prod.com\/agence-39\/wp-content\/uploads\/2024\/10\/graphisme-768x768.jpg 768w, https:\/\/majestik-prod.com\/agence-39\/wp-content\/uploads\/2024\/10\/graphisme-300x300.jpg 300w, https:\/\/majestik-prod.com\/agence-39\/wp-content\/uploads\/2024\/10\/graphisme-1024x1024.jpg 1024w, https:\/\/majestik-prod.com\/agence-39\/wp-content\/uploads\/2024\/10\/graphisme-150x150.jpg 150w, https:\/\/majestik-prod.com\/agence-39\/wp-content\/uploads\/2024\/10\/graphisme.jpg 1080w\" sizes=\"(max-width: 768px) 100vw, 768px\" \/>\t\t\t\t\t\t\t\t\t\t\t\t\t<\/div>\n\t\t\t\t<\/div>\n\t\t\t\t\t<\/div>\n\t\t\t\t<\/div>\n\t\t<div class=\"elementor-element elementor-element-0b492ec e-flex e-con-boxed e-con e-parent\" data-id=\"0b492ec\" data-element_type=\"container\">\n\t\t\t\t\t<div class=\"e-con-inner\">\n\t\t<div class=\"elementor-element elementor-element-9e05dcd e-con-full e-flex e-con e-child\" data-id=\"9e05dcd\" data-element_type=\"container\">\n\t\t\t\t<div class=\"elementor-element elementor-element-98f4e5d elementor-widget elementor-widget-heading\" data-id=\"98f4e5d\" data-element_type=\"widget\" data-settings=\"{&quot;sticky&quot;:&quot;top&quot;,&quot;sticky_offset&quot;:100,&quot;sticky_parent&quot;:&quot;yes&quot;,&quot;sticky_on&quot;:[&quot;desktop&quot;,&quot;tablet&quot;,&quot;mobile&quot;],&quot;sticky_effects_offset&quot;:0}\" data-widget_type=\"heading.default\">\n\t\t\t\t<div class=\"elementor-widget-container\">\n\t\t\t<h3 class=\"elementor-heading-title elementor-size-default\">Pourquoi Agence 39 ?<\/h3>\t\t<\/div>\n\t\t\t\t<\/div>\n\t\t\t\t<\/div>\n\t\t<div class=\"elementor-element elementor-element-ed7daaf e-con-full e-flex e-con e-child\" data-id=\"ed7daaf\" data-element_type=\"container\">\n\t\t\t\t<div class=\"elementor-element elementor-element-68b86b1 elementor-widget elementor-widget-heading\" data-id=\"68b86b1\" data-element_type=\"widget\" data-widget_type=\"heading.default\">\n\t\t\t\t<div class=\"elementor-widget-container\">\n\t\t\t<h3 class=\"elementor-heading-title elementor-size-default\">Les Avantages Majeurs De Nous Confier la cr\u00e9ation de votre logo et votre charte graphique !<\/h3>\t\t<\/div>\n\t\t\t\t<\/div>\n\t\t\t\t<div class=\"elementor-element elementor-element-edbc57c elementor-widget elementor-widget-text-editor\" data-id=\"edbc57c\" data-element_type=\"widget\" data-widget_type=\"text-editor.default\">\n\t\t\t\t<div class=\"elementor-widget-container\">\n\t\t\t\t\t\t\t<h3>I) Cr\u00e9ativit\u00e9 et design sur mesure :<\/h3><p>Chez Agence 39, nous mettons notre cr\u00e9ativit\u00e9 et notre expertise en design \u00e0 votre service pour cr\u00e9er des logos et des identit\u00e9s visuelles uniques et percutantes. En travaillant \u00e9troitement avec vous, nous concevons des \u00e9l\u00e9ments graphiques qui refl\u00e8tent votre marque et ses valeurs, tout en attirant l&rsquo;attention de votre audience cible. Vous b\u00e9n\u00e9ficiez ainsi d&rsquo;une image de marque coh\u00e9rente et m\u00e9morable.<\/p><p>\u200d<\/p><h3>II) Compr\u00e9hension approfondie de votre secteur :<\/h3><p>Notre \u00e9quipe de designers exp\u00e9riment\u00e9s prend le temps d&rsquo;\u00e9tudier et de comprendre votre secteur d&rsquo;activit\u00e9, vos concurrents et vos clients potentiels. Cette compr\u00e9hension nous permet de cr\u00e9er un logo et une identit\u00e9 visuelle qui vous d\u00e9marquent de la concurrence, tout en assurant une connexion forte avec votre public cible.<\/p><p>\u200d<\/p><h3>III) Processus de cr\u00e9ation collaboratif :<\/h3><p>Nous croyons fermement \u00e0 l&rsquo;importance de la collaboration entre notre \u00e9quipe et nos clients. Chez Agence 39, vous \u00eates impliqu\u00e9s dans chaque \u00e9tape du processus de cr\u00e9ation, de la d\u00e9finition du concept \u00e0 la s\u00e9lection des couleurs et des polices. Nous prenons en compte vos retours et vos suggestions pour garantir un r\u00e9sultat final qui r\u00e9pond \u00e0 vos attentes et renforce votre image de marque.<\/p><p>\u200d<\/p><h3>IV) Adaptabilit\u00e9 et formats multiples :<\/h3><p>Lorsque vous faites appel \u00e0 nos services pour la cr\u00e9ation de votre logo et de votre identit\u00e9 visuelle, nous vous fournissons des fichiers adapt\u00e9s \u00e0 diff\u00e9rents supports et formats. Que ce soit pour votre site web, vos r\u00e9seaux sociaux, vos supports imprim\u00e9s ou vos pr\u00e9sentations, votre logo et vos \u00e9l\u00e9ments graphiques seront pr\u00eats \u00e0 \u00eatre utilis\u00e9s dans toutes les situations, assurant ainsi une coh\u00e9rence visuelle et une reconnaissance de votre marque sur l&rsquo;ensemble de vos canaux de communication.<\/p><h2>\u200d<\/h2>\t\t\t\t\t\t<\/div>\n\t\t\t\t<\/div>\n\t\t\t\t<\/div>\n\t\t\t\t\t<\/div>\n\t\t\t\t<\/div>\n\t\t<div class=\"elementor-element elementor-element-4a2d044 e-flex e-con-boxed e-con e-parent\" data-id=\"4a2d044\" data-element_type=\"container\">\n\t\t\t\t\t<div class=\"e-con-inner\">\n\t\t\t\t<div class=\"elementor-element elementor-element-cced5f7 elementor-widget elementor-widget-gallery\" data-id=\"cced5f7\" data-element_type=\"widget\" data-settings=\"{&quot;columns&quot;:2,&quot;gap&quot;:{&quot;unit&quot;:&quot;px&quot;,&quot;size&quot;:25,&quot;sizes&quot;:[]},&quot;aspect_ratio&quot;:&quot;1:1&quot;,&quot;lazyload&quot;:&quot;yes&quot;,&quot;gallery_layout&quot;:&quot;grid&quot;,&quot;columns_tablet&quot;:2,&quot;columns_mobile&quot;:1,&quot;gap_tablet&quot;:{&quot;unit&quot;:&quot;px&quot;,&quot;size&quot;:10,&quot;sizes&quot;:[]},&quot;gap_mobile&quot;:{&quot;unit&quot;:&quot;px&quot;,&quot;size&quot;:10,&quot;sizes&quot;:[]},&quot;link_to&quot;:&quot;file&quot;,&quot;overlay_background&quot;:&quot;yes&quot;,&quot;content_hover_animation&quot;:&quot;fade-in&quot;}\" data-widget_type=\"gallery.default\">\n\t\t\t\t<div class=\"elementor-widget-container\">\n\t\t\t\t\t<div class=\"elementor-gallery__container\">\n\t\t\t\t\t\t\t<a class=\"e-gallery-item elementor-gallery-item elementor-animated-content\" href=\"https:\/\/majestik-prod.com\/agence-39\/wp-content\/uploads\/2024\/10\/645a400c33be2c866ef8a2a6_Capture-decran-2023-05-09-a-14.41.33-p-800.png\" data-elementor-open-lightbox=\"yes\" data-elementor-lightbox-slideshow=\"cced5f7\" data-elementor-lightbox-title=\"645a400c33be2c866ef8a2a6_Capture d\u2019e\u0301cran 2023-05-09 a\u0300 14.41.33-p-800\" data-e-action-hash=\"#elementor-action%3Aaction%3Dlightbox%26settings%3DeyJpZCI6MTA1NywidXJsIjoiaHR0cHM6XC9cL21hamVzdGlrLXByb2QuY29tXC9hZ2VuY2UtMzlcL3dwLWNvbnRlbnRcL3VwbG9hZHNcLzIwMjRcLzEwXC82NDVhNDAwYzMzYmUyYzg2NmVmOGEyYTZfQ2FwdHVyZS1kZWNyYW4tMjAyMy0wNS0wOS1hLTE0LjQxLjMzLXAtODAwLnBuZyIsInNsaWRlc2hvdyI6ImNjZWQ1ZjcifQ%3D%3D\">\n\t\t\t\t\t<div class=\"e-gallery-image elementor-gallery-item__image\" data-thumbnail=\"https:\/\/majestik-prod.com\/agence-39\/wp-content\/uploads\/2024\/10\/645a400c33be2c866ef8a2a6_Capture-decran-2023-05-09-a-14.41.33-p-800-768x506.png\" data-width=\"768\" data-height=\"506\" aria-label=\"\" role=\"img\" ><\/div>\n\t\t\t\t\t\t\t\t\t\t\t<div class=\"elementor-gallery-item__overlay\"><\/div>\n\t\t\t\t\t\t\t\t\t\t\t\t\t\t<\/a>\n\t\t\t\t\t\t\t<a class=\"e-gallery-item elementor-gallery-item elementor-animated-content\" href=\"https:\/\/majestik-prod.com\/agence-39\/wp-content\/uploads\/2024\/10\/645a4007aa55edd2f0e68189_Capture-decran-2023-05-09-a-14.42.41-p-800.png\" data-elementor-open-lightbox=\"yes\" data-elementor-lightbox-slideshow=\"cced5f7\" data-elementor-lightbox-title=\"645a4007aa55edd2f0e68189_Capture d\u2019e\u0301cran 2023-05-09 a\u0300 14.42.41-p-800\" data-e-action-hash=\"#elementor-action%3Aaction%3Dlightbox%26settings%3DeyJpZCI6MTA1OCwidXJsIjoiaHR0cHM6XC9cL21hamVzdGlrLXByb2QuY29tXC9hZ2VuY2UtMzlcL3dwLWNvbnRlbnRcL3VwbG9hZHNcLzIwMjRcLzEwXC82NDVhNDAwN2FhNTVlZGQyZjBlNjgxODlfQ2FwdHVyZS1kZWNyYW4tMjAyMy0wNS0wOS1hLTE0LjQyLjQxLXAtODAwLnBuZyIsInNsaWRlc2hvdyI6ImNjZWQ1ZjcifQ%3D%3D\">\n\t\t\t\t\t<div class=\"e-gallery-image elementor-gallery-item__image\" data-thumbnail=\"https:\/\/majestik-prod.com\/agence-39\/wp-content\/uploads\/2024\/10\/645a4007aa55edd2f0e68189_Capture-decran-2023-05-09-a-14.42.41-p-800-768x514.png\" data-width=\"768\" data-height=\"514\" aria-label=\"\" role=\"img\" ><\/div>\n\t\t\t\t\t\t\t\t\t\t\t<div class=\"elementor-gallery-item__overlay\"><\/div>\n\t\t\t\t\t\t\t\t\t\t\t\t\t\t<\/a>\n\t\t\t\t\t\t\t<a class=\"e-gallery-item elementor-gallery-item elementor-animated-content\" href=\"https:\/\/majestik-prod.com\/agence-39\/wp-content\/uploads\/2024\/10\/645a401049c09661fabb3b0c_Capture-decran-2023-05-09-a-14.43.17-p-800.png\" data-elementor-open-lightbox=\"yes\" data-elementor-lightbox-slideshow=\"cced5f7\" data-elementor-lightbox-title=\"645a401049c09661fabb3b0c_Capture d\u2019e\u0301cran 2023-05-09 a\u0300 14.43.17-p-800\" data-e-action-hash=\"#elementor-action%3Aaction%3Dlightbox%26settings%3DeyJpZCI6MTA1OSwidXJsIjoiaHR0cHM6XC9cL21hamVzdGlrLXByb2QuY29tXC9hZ2VuY2UtMzlcL3dwLWNvbnRlbnRcL3VwbG9hZHNcLzIwMjRcLzEwXC82NDVhNDAxMDQ5YzA5NjYxZmFiYjNiMGNfQ2FwdHVyZS1kZWNyYW4tMjAyMy0wNS0wOS1hLTE0LjQzLjE3LXAtODAwLnBuZyIsInNsaWRlc2hvdyI6ImNjZWQ1ZjcifQ%3D%3D\">\n\t\t\t\t\t<div class=\"e-gallery-image elementor-gallery-item__image\" data-thumbnail=\"https:\/\/majestik-prod.com\/agence-39\/wp-content\/uploads\/2024\/10\/645a401049c09661fabb3b0c_Capture-decran-2023-05-09-a-14.43.17-p-800-768x504.png\" data-width=\"768\" data-height=\"504\" aria-label=\"\" role=\"img\" ><\/div>\n\t\t\t\t\t\t\t\t\t\t\t<div class=\"elementor-gallery-item__overlay\"><\/div>\n\t\t\t\t\t\t\t\t\t\t\t\t\t\t<\/a>\n\t\t\t\t\t\t\t<a class=\"e-gallery-item elementor-gallery-item elementor-animated-content\" href=\"https:\/\/majestik-prod.com\/agence-39\/wp-content\/uploads\/2024\/10\/645a4016360cb09349624ee5_Capture-decran-2023-05-09-a-14.40.58-p-800.png\" data-elementor-open-lightbox=\"yes\" data-elementor-lightbox-slideshow=\"cced5f7\" data-elementor-lightbox-title=\"645a4016360cb09349624ee5_Capture d\u2019e\u0301cran 2023-05-09 a\u0300 14.40.58-p-800\" data-e-action-hash=\"#elementor-action%3Aaction%3Dlightbox%26settings%3DeyJpZCI6MTA2MCwidXJsIjoiaHR0cHM6XC9cL21hamVzdGlrLXByb2QuY29tXC9hZ2VuY2UtMzlcL3dwLWNvbnRlbnRcL3VwbG9hZHNcLzIwMjRcLzEwXC82NDVhNDAxNjM2MGNiMDkzNDk2MjRlZTVfQ2FwdHVyZS1kZWNyYW4tMjAyMy0wNS0wOS1hLTE0LjQwLjU4LXAtODAwLnBuZyIsInNsaWRlc2hvdyI6ImNjZWQ1ZjcifQ%3D%3D\">\n\t\t\t\t\t<div class=\"e-gallery-image elementor-gallery-item__image\" data-thumbnail=\"https:\/\/majestik-prod.com\/agence-39\/wp-content\/uploads\/2024\/10\/645a4016360cb09349624ee5_Capture-decran-2023-05-09-a-14.40.58-p-800-768x679.png\" data-width=\"768\" data-height=\"679\" aria-label=\"\" role=\"img\" ><\/div>\n\t\t\t\t\t\t\t\t\t\t\t<div class=\"elementor-gallery-item__overlay\"><\/div>\n\t\t\t\t\t\t\t\t\t\t\t\t\t\t<\/a>\n\t\t\t\t\t<\/div>\n\t\t\t<\/div>\n\t\t\t\t<\/div>\n\t\t\t\t\t<\/div>\n\t\t\t\t<\/div>\n\t\t<div class=\"elementor-element elementor-element-9e06ac0 e-flex e-con-boxed e-con e-parent\" data-id=\"9e06ac0\" data-element_type=\"container\">\n\t\t\t\t\t<div class=\"e-con-inner\">\n\t\t\t\t<div class=\"elementor-element elementor-element-f7373e7 elementor-align-center elementor-widget elementor-widget-button\" data-id=\"f7373e7\" data-element_type=\"widget\" data-widget_type=\"button.default\">\n\t\t\t\t<div class=\"elementor-widget-container\">\n\t\t\t\t\t<div class=\"elementor-button-wrapper\">\n\t\t\t<a class=\"elementor-button elementor-button-link elementor-size-sm\" href=\"https:\/\/majestik-prod.com\/agence-39\/contact\/\">\n\t\t\t\t\t\t<span class=\"elementor-button-content-wrapper\">\n\t\t\t\t\t\t\t\t\t<span class=\"elementor-button-text\">Demander un Devis gratuit<\/span>\n\t\t\t\t\t<\/span>\n\t\t\t\t\t<\/a>\n\t\t<\/div>\n\t\t\t\t<\/div>\n\t\t\t\t<\/div>\n\t\t\t\t\t<\/div>\n\t\t\t\t<\/div>\n\t\t\t\t<\/div>\n\t\t","protected":false},"excerpt":{"rendered":"<p>CR\u00c9ATION DE CHARTE GRAPHIQUE (LOGO &amp; IDENTIT\u00c9 VISUSELLE) Pourquoi Agence 39 ? Les Avantages Majeurs De Nous Confier la cr\u00e9ation de votre logo et votre charte graphique ! I) Cr\u00e9ativit\u00e9 et design sur mesure : Chez Agence 39, nous mettons notre cr\u00e9ativit\u00e9 et notre expertise en design \u00e0 votre service pour cr\u00e9er des logos et [&hellip;]<\/p>\n","protected":false},"author":1,"featured_media":0,"parent":0,"menu_order":0,"comment_status":"closed","ping_status":"closed","template":"","meta":{"footnotes":""},"class_list":["post-978","page","type-page","status-publish","hentry"],"_links":{"self":[{"href":"https:\/\/majestik-prod.com\/agence-39\/wp-json\/wp\/v2\/pages\/978","targetHints":{"allow":["GET"]}}],"collection":[{"href":"https:\/\/majestik-prod.com\/agence-39\/wp-json\/wp\/v2\/pages"}],"about":[{"href":"https:\/\/majestik-prod.com\/agence-39\/wp-json\/wp\/v2\/types\/page"}],"author":[{"embeddable":true,"href":"https:\/\/majestik-prod.com\/agence-39\/wp-json\/wp\/v2\/users\/1"}],"replies":[{"embeddable":true,"href":"https:\/\/majestik-prod.com\/agence-39\/wp-json\/wp\/v2\/comments?post=978"}],"version-history":[{"count":22,"href":"https:\/\/majestik-prod.com\/agence-39\/wp-json\/wp\/v2\/pages\/978\/revisions"}],"predecessor-version":[{"id":1158,"href":"https:\/\/majestik-prod.com\/agence-39\/wp-json\/wp\/v2\/pages\/978\/revisions\/1158"}],"wp:attachment":[{"href":"https:\/\/majestik-prod.com\/agence-39\/wp-json\/wp\/v2\/media?parent=978"}],"curies":[{"name":"wp","href":"https:\/\/api.w.org\/{rel}","templated":true}]}}